hundreds digit of 22493487?
4
What is the units digit of 63163862?
2
What is the hundreds digit of 85642883?
8
What is the hundred thousands digit of 329790044?
7
What is the units digit of 28068542?
2
What is the tens digit of 10317564?
6
What is the units digit of 12818654?
4
What is the hundreds digit of 320821327?
3
What is the hundred thousands digit of 125488291?
4
What is the tens digit of 9304146?
4
What is the ten millions digit of 174873042?
7
What is the hundred thousands digit of 7034050?
0
What is the hundred thousands digit of 77456596?
4
What is the hundreds digit of 562156705?
7
What is the billions digit of 2919023373?
2
What is the ten thousands digit of 857234367?
3
What is the ten millions digit of 56804747?
5
What is the hundreds digit of 80057909?
9
What is the units digit of 2026378342?
2
What is the tens digit of 108009892?
9
What is the thousands digit of 330977362?
7
What is the ten thousands digit of 84926527?
2
What is the thousands digit of 888545533?
5
What is the thousands digit of 8596508?
6
What is the hundred thousands digit of 43541478?
5
What is the thousands digit of 22982829?
2
What is the hundred thousands digit of 323290774?
2
What is the ten thousands digit of 446569206?
6
What is the units digit of 150852049?
9
What is the hundreds digit of 4472687?
6
What is the hundreds digit of 2583229720?
7
What is the tens digit of 4980638?
3
What is the ten thousands digit of 762673089?
7
What is the units digit of 32692020?
0
What is the millions digit of 54372965?
4
What is the ten millions digit of 1332081212?
3
What is the ten millions digit of 578983720?
7
What is the hundred thousands digit of 310301991?
3
What is the units digit of 547208506?
6
What is the ten millions digit of 478191013?
7
What is the tens digit of 470225741?
4
What is the ten millions digit of 1080788850?
8
What is the tens digit of 137591543?
4
What is the hundreds digit of 46477110?
1
What is the units digit of 42629538?
8
What is the ten thousands digit of 2781316795?
1
What is the thousands digit of 18728224?
8
What is the hundreds digit of 22375420?
4
What is the thousands digit of 586710166?
0
What is the millions digit of 33776042?
3
What is the thousands digit of 20140373?
0
What is the tens digit of 142803456?
5
What is the hundred millions digit of 342628840?
3
What is the hundred thousands digit of 95187505?
1
What is the tens digit of 169065812?
1
What is the millions digit of 721673855?
1
What is the hundred thousands digit of 45905360?
9
What is the hundred millions digit of 749252641?
7
What is the tens digit of 41748339?
3
What is the ten millions digit of 28528950?
2
What is the thousands digit of 45330660?
0
What is the units digit of 11731825?
5
What is the hundred thousands digit of 355764202?
7
What is the hundreds digit of 76509580?
5
What is the hundreds digit of 2625134447?
4
What is the thousands digit of 59270492?
0
What is the hundred millions digit of 113152355?
1
What is the hundreds digit of 44212134?
1
What is the hundred thousands digit of 38298834?
2
What is the hundred millions digit of 1071545964?
0
What is the ten thousands digit of 46467661?
6
What is the millions digit of 438817696?
8
What is the ten millions digit of 14500896?
1
What is the ten millions digit of 1458281771?
5
What is the hundreds digit of 46751343?
3
What is the hundred millions digit of 140998809?
1
What is the hundred millions digit of 6770687213?
7
What is the ten millions digit of 23705148?
2
What is the billions digit of 2358252819?
2
What is the units digit of 46725454?
4
What is the hundred thousands digit of 672494473?
4
What is the units digit of 254916654?
4
What is the hundreds digit of 782844129?
1
What is the units digit of 4869132807?
7
What is the hundred thousands digit of 1038335280?
3
What is the ten millions digit of 44999225?
4
What is the ten thousands digit of 72577830?
7
What is the hundreds digit of 30950384?
3
What is the units digit of 4308689656?
6
What is the hundred millions digit of 1733635387?
7
What is the tens digit of 1600580450?
5
What is the ten thousands digit of 765825271?
2
What is the millions digit of 37768768?
7
What is the tens digit of 45383661?
6
What is the tens digit of 1370935258?
5
What is the units digit of 1000035911?
1
What is the hundred thousands digit of 1471796187?
7
What is the tens digit of 129982372?
7
What is the thousands digit of 21079447?
9
What is the millions digit of 273069483?
3
What is the hundred millions digit of 211178121?
2
What is the ten thousands digit of 38268272?
6
What is the hundred thousands digit of 1477087040?
0
What is the thousands digit of 137488260?
8
What is the hundreds digit of 1819712173?
1
What is the hundred thousands digit of 176575706?
5
What is the ten millions digit of 745240008?
4
What is the thousands digit of 97685206?
5
What is the thousands digit of 6682642?
2
What is the millions digit of 2573312960?
3
What is the units digit of 31528025?
5
What is the thousands digit of 563117764?
7
What is the thousands digit of 731741035?
1
What is the tens digit of 10018313?
1
What is the units digit of 27778794?
4
What is the hundred thousands digit of 119246908?
2
What is the units digit of 6019730885?
5
What is the hundred millions digit of 880529427?
8
What is the units digit of 172405222?
2
What is the millions digit of 4604720173?
4
What is the hundred thousands digit of 5038423904?
4
What is the hundreds digit of 1366667934?
9
What is the thousands digit of 46467828?
7
What is the units digit of 485395564?
4
What is the hundreds digit of 21104562?
5
What is the hundred millions digit of 158833059?
1
What is the hundred millions digit of 165596178?
1
What is the thousands digit of 397845205?
5
What is the millions digit of 287097383?
7
What is the ten millions digit of 81278688?
8
What is the billions digit of 6143596268?
6
What is the hundred millions digit of 1409316931?
4
What is the hundreds digit of 46903025?
0
What is the tens digit of 16085942?
4
What is the ten millions digit of 453485675?
5
What is the ten thousands digit of 101323532?
2
What is the units digit of 364224855?
5
What is the thousands digit of 2685791660?
1
What is the ten thousands digit of 344314565?
1
What is the ten millions digit of 349091675?
4
What is the billions digit of 3602468864?
3
What is the millions digit of 1350994331?
0
What is the units digit of 6273650?
0
What is the hundred millions digit of 167245520?
1
What is the thousands digit of 431366854?
6
What is the units digit of 104236432?
2
What is the tens digit of 1078408227?
2
What is the hundreds digit of 199611573?
5
What is the units digit of 894854144?
4
What is the ten millions digit of 57147591?
5
What is the ten thousands digit of 231587257?
8
What is the tens digit of 2812073?
7
What is the hundred millions digit of 388234253?
3
What is the ten millions digit of 558911828?
5
What is the thousands digit of 116730888?
0
What is the hundreds digit of 25589958?
9
What is the ten millions digit of 1454628159?
5
What is the ten millions digit of 27423206?
2
What is the millions digit of 116462514?
6
What is the tens digit of 3674436303?
0
What is the ten millions digit of 68193857?
6
What is the thousands digit of 60081816?
1
What is the millions digit of 9995470?
9
What is the hundreds digit of 54873492?
4
What is the hundred thousands digit of 1146511643?
5
What is the tens digit of 65786563?
6
What is the ten millions digit of 34134914?
3
What is the billions digit of 1400279023?
1
What is the ten millions digit of 2124213482?
2
What is the hundred thousands digit of 319972680?
9
What is the tens digit of 30754340?
4
What is the hundred thousands digit of 320006951?
0
What is the ten millions digit of 324656452?
2
What is the thousands digit of 87711705?
1
What is the millions digit of 304059337?
4
What is the billions digit of 1560253116?
1
What is the ten millions digit of 29549686?
2
What is the thousands digit of 70786132?
6
What is the ten millions digit of 714391804?
1
What is the units digit of 79664641?
1
What is the units digit of 21062388?
8
What is the ten thousands digit of 541384513?
8
What is the hundred millions digit of 1913012499?
9
What is the hundred thousands digit of 